{"id":1587,"date":"2025-05-19T12:12:13","date_gmt":"2025-05-19T12:12:13","guid":{"rendered":"https:\/\/www.date50.de\/magazin\/?page_id=1587"},"modified":"2025-05-19T12:12:14","modified_gmt":"2025-05-19T12:12:14","slug":"romance-scammer","status":"publish","type":"page","link":"https:\/\/www.date50.de\/magazin\/romance-scammer\/","title":{"rendered":"Romance-Scammer"},"content":{"rendered":"\n<h2 class=\"wp-block-heading\">Romance-Scammer \u2013 Wenn die Liebe zur Falle wird<\/h2>\n\n\n\n<p>Die Partnersuche \u00fcber 50 ist eine wunderbare Chance f\u00fcr einen Neuanfang \u2013 doch sie bringt auch neue Risiken mit sich. Gerade wer ehrlich nach N\u00e4he sucht, ist manchmal verletzlich. Und genau das machen sich sogenannte <strong>Romance-Scammer<\/strong> zunutze: Menschen, die sich im Netz als liebevolle Partner ausgeben \u2013 mit dem Ziel, Vertrauen zu gewinnen, um Geld zu ergaunern. Das ist nicht nur ein finanzieller Schaden, sondern vor allem ein emotionaler Schlag. Denn wer sich \u00f6ffnet, verdient Ehrlichkeit \u2013 und keine T\u00e4uschung.<\/p>\n\n\n\n<p>Viele Singles ab 50 sind heute online unterwegs \u2013 wie auf <a href=\"https:\/\/www.date50.de\/\">Date50.de<\/a>, einer seri\u00f6sen Plattform speziell f\u00fcr Menschen mit Lebenserfahrung. Doch auch hier gilt: Vorsicht ist besser als Nachsicht. In unserem Beitrag <a href=\"https:\/\/www.date50.de\/magazin\/romance-scammer-erkennen-und-vermeiden\/\">\u201eVorsicht vor Romance-Scammern: So wird Betrug im Netz vermieden\u201c<\/a> erkl\u00e4ren wir Dir, woran Du betr\u00fcgerische Absichten fr\u00fchzeitig erkennst. Typische Warnzeichen, g\u00e4ngige Maschen \u2013 und vor allem: wie Du Dich selbst sch\u00fctzen kannst, ohne Dein Herz zu verschlie\u00dfen.<\/p>\n\n\n\n<p>Du fragst Dich vielleicht, was genau ein <strong>Romance-Scammer<\/strong> ist \u2013 oder wie sich diese Menschen von einem echten, ehrlichen Interessenten unterscheiden? Dann wirf einen Blick in unseren Artikel <a href=\"https:\/\/www.date50.de\/magazin\/romance-scammer-was-ist-das-und-wie-schutzt-man-sich\/\">\u201eRomance-Scammer \u2013 Was ist das und wie sch\u00fctzt man sich?\u201c<\/a>. Hier erf\u00e4hrst Du, warum gerade erfahrene, selbstbewusste Frauen \u00fcber 50 zu Zielscheiben werden \u2013 und wie Du souver\u00e4n damit umgehst.<\/p>\n\n\n\n<p>Auch klassische <strong>Heiratsschwindler<\/strong> sind l\u00e4ngst im digitalen Zeitalter angekommen. Sie geben sich als Witwer, Soldaten oder Gesch\u00e4ftsreisende aus \u2013 mit gro\u00dfen Gef\u00fchlen, aber undurchsichtigen Geschichten. In <a href=\"https:\/\/www.date50.de\/magazin\/5-tricks-um-heiratsschwindler-zu-entlarven\/\">\u201eHeiratsschwindler \u2013 5 Tricks, diese auf Partnersuche zu entlarven\u201c<\/a> zeigen wir Dir, welche Taktiken besonders h\u00e4ufig verwendet werden \u2013 und wie Du mit einem wachsamen Blick und klaren Grenzen selbstbewusst auftrittst.<\/p>\n\n\n\n<p>Denn: Die gro\u00dfe Liebe ist da drau\u00dfen. Und sie ist es wert, dass Du Dich auf sie einl\u00e4sst \u2013 aber nicht blind. Auf <a href=\"https:\/\/www.date50.de\/\">Date50.de<\/a> begegnen sich Menschen, die wirklich nach einer ehrlichen Verbindung suchen. Wenn Du dabei ein paar Regeln beachtest, steht Deinem Gl\u00fcck nichts im Weg \u2013 au\u00dfer vielleicht ein Scammer, den Du rechtzeitig erkennst und charmant abblitzen l\u00e4sst.<\/p>\n\n\n\n<p>\ud83d\udc49 <strong>Jetzt <a href=\"https:\/\/www.date50.de\/registration\/\">kostenlos registrieren<\/a> und die Freude am Dating neu entdecken!<\/strong><\/p>\n\n\n\n<div class=\"btn-container\">\n          <a class=\"btn primary\" href=\"https:\/\/www.flirt.de\/registration\/\" target=\"_blank\" rel=\"noopener\">Date50 kennenlernen.<\/a>\n        <\/div>\n\n\n<ul class=\"wp-block-latest-posts__list is-grid columns-2 wp-block-latest-posts\"><li><div class=\"wp-block-latest-posts__featured-image alignleft\"><a href=\"https:\/\/www.date50.de\/magazin\/romance-scammer-erkennen-und-vermeiden\/\" aria-label=\"Vorsicht vor Romance-Scammern: So wird Betrug im Netz vermieden\"><img loading=\"lazy\" decoding=\"async\" width=\"150\" height=\"150\" src=\"https:\/\/www.date50.de\/magazin\/wp-content\/uploads\/sites\/7\/2024\/09\/LoveScammer-150x150.jpg\" class=\"attachment-thumbnail size-thumbnail wp-post-image\" alt=\"Romance-Scammer\" style=\"max-width:113px;max-height:113px;\" srcset=\"https:\/\/www.date50.de\/magazin\/wp-content\/uploads\/sites\/7\/2024\/09\/LoveScammer-150x150.jpg 150w, https:\/\/www.date50.de\/magazin\/wp-content\/uploads\/sites\/7\/2024\/09\/LoveScammer-100x100.jpg 100w\" sizes=\"auto, 100vw\" \/><\/a><\/div><a class=\"wp-block-latest-posts__post-title\" href=\"https:\/\/www.date50.de\/magazin\/romance-scammer-erkennen-und-vermeiden\/\">Vorsicht vor Romance-Scammern: So wird Betrug im Netz vermieden<\/a><div class=\"wp-block-latest-posts__post-excerpt\">Im Zeitalter des Online-Datings hat das Internet nicht nur die Suche nach Liebe und Beziehungen erleichtert, sondern auch neue Betrugsmaschen<\/div><\/li>\n<li><div class=\"wp-block-latest-posts__featured-image alignleft\"><a href=\"https:\/\/www.date50.de\/magazin\/5-tricks-um-heiratsschwindler-zu-entlarven\/\" aria-label=\"Heiratsschwindler &#8211; 5 Tricks, diese auf Partnersuche zu entlarven\"><img loading=\"lazy\" decoding=\"async\" width=\"150\" height=\"150\" src=\"https:\/\/www.date50.de\/magazin\/wp-content\/uploads\/sites\/7\/2020\/01\/Depositphotos_322130410_xl-2015-150x150.jpg\" class=\"attachment-thumbnail size-thumbnail wp-post-image\" alt=\"Notebook mit Romance Scam Titel\" style=\"max-width:113px;max-height:113px;\" srcset=\"https:\/\/www.date50.de\/magazin\/wp-content\/uploads\/sites\/7\/2020\/01\/Depositphotos_322130410_xl-2015-150x150.jpg 150w, https:\/\/www.date50.de\/magazin\/wp-content\/uploads\/sites\/7\/2020\/01\/Depositphotos_322130410_xl-2015-100x100.jpg 100w\" sizes=\"auto, 100vw\" \/><\/a><\/div><a class=\"wp-block-latest-posts__post-title\" href=\"https:\/\/www.date50.de\/magazin\/5-tricks-um-heiratsschwindler-zu-entlarven\/\">Heiratsschwindler &#8211; 5 Tricks, diese auf Partnersuche zu entlarven<\/a><div class=\"wp-block-latest-posts__post-excerpt\">Viele Singles begeben sich via Online Dating auf Partnersuche. Allerdings ist hier Vorsicht geboten, denn unter den vermeintlichen&nbsp;Traumprinzen und Traumprinzessinnen<\/div><\/li>\n<li><div class=\"wp-block-latest-posts__featured-image alignleft\"><a href=\"https:\/\/www.date50.de\/magazin\/romance-scammer-was-ist-das-und-wie-schutzt-man-sich\/\" aria-label=\"Romance-Scammer \u2014 Was ist das und wie sch\u00fctzt man sich?\"><img loading=\"lazy\" decoding=\"async\" width=\"150\" height=\"150\" src=\"https:\/\/www.date50.de\/magazin\/wp-content\/uploads\/sites\/7\/2019\/11\/iStock-1134974009-150x150.jpg\" class=\"attachment-thumbnail size-thumbnail wp-post-image\" alt=\"Achtung Falle! Romance-Scammer im Netz\" style=\"max-width:113px;max-height:113px;\" srcset=\"https:\/\/www.date50.de\/magazin\/wp-content\/uploads\/sites\/7\/2019\/11\/iStock-1134974009-150x150.jpg 150w, https:\/\/www.date50.de\/magazin\/wp-content\/uploads\/sites\/7\/2019\/11\/iStock-1134974009-100x100.jpg 100w\" sizes=\"auto, 100vw\" \/><\/a><\/div><a class=\"wp-block-latest-posts__post-title\" href=\"https:\/\/www.date50.de\/magazin\/romance-scammer-was-ist-das-und-wie-schutzt-man-sich\/\">Romance-Scammer \u2014 Was ist das und wie sch\u00fctzt man sich?<\/a><div class=\"wp-block-latest-posts__post-excerpt\">Einsamkeit und Neugier k\u00f6nnen so manchen Singles in eine schlimme Falle locken \u2013 denn da drau\u00dfen im World Wide Web<\/div><\/li>\n<\/ul>\n\n\n<h2 class=\"wp-block-heading\">Weitere Themen bei date50.de:<\/h2>\n\n\n<ul class=\"wp-block-categories-list wp-block-categories\">\t<li class=\"cat-item cat-item-72\"><a href=\"https:\/\/www.date50.de\/magazin\/dating-ueber-fuenfzig\/\">Dating \u00fcber 50<\/a>\n<\/li>\n\t<li class=\"cat-item cat-item-47\"><a href=\"https:\/\/www.date50.de\/magazin\/partnersuche-ab-fuenfzig\/\">Partnersuche ab 50<\/a>\n<\/li>\n\t<li class=\"cat-item cat-item-73\"><a href=\"https:\/\/www.date50.de\/magazin\/romancescammer\/\">Romance-Scammer<\/a>\n<\/li>\n\t<li class=\"cat-item cat-item-46\"><a href=\"https:\/\/www.date50.de\/magazin\/frauen-ab-fuenfzig\/\">Suche Frauen ab 50<\/a>\n<\/li>\n\t<li class=\"cat-item cat-item-53\"><a href=\"https:\/\/www.date50.de\/magazin\/maenner-ab-fuenfzig\/\">Suche M\u00e4nner ab 50<\/a>\n<\/li>\n<\/ul>","protected":false},"excerpt":{"rendered":"<p>Romance-Scammer \u2013 Wenn die Liebe zur Falle wird Die Partnersuche \u00fcber 50 ist eine wunderbare Chance f\u00fcr einen Neuanfang \u2013 doch sie bringt auch neue Risiken mit sich. Gerade wer ehrlich nach N\u00e4he sucht, ist manchmal verletzlich. Und genau das machen sich sogenannte Romance-Scammer zunutze: Menschen, die sich im Netz als liebevolle Partner ausgeben \u2013<\/p>\n","protected":false},"author":50,"featured_media":0,"parent":0,"menu_order":0,"comment_status":"closed","ping_status":"closed","template":"","meta":{"footnotes":""},"class_list":["post-1587","page","type-page","status-publish","hentry"],"_links":{"self":[{"href":"https:\/\/www.date50.de\/magazin\/wp-json\/wp\/v2\/pages\/1587","targetHints":{"allow":["GET"]}}],"collection":[{"href":"https:\/\/www.date50.de\/magazin\/wp-json\/wp\/v2\/pages"}],"about":[{"href":"https:\/\/www.date50.de\/magazin\/wp-json\/wp\/v2\/types\/page"}],"author":[{"embeddable":true,"href":"https:\/\/www.date50.de\/magazin\/wp-json\/wp\/v2\/users\/50"}],"replies":[{"embeddable":true,"href":"https:\/\/www.date50.de\/magazin\/wp-json\/wp\/v2\/comments?post=1587"}],"version-history":[{"count":6,"href":"https:\/\/www.date50.de\/magazin\/wp-json\/wp\/v2\/pages\/1587\/revisions"}],"predecessor-version":[{"id":1593,"href":"https:\/\/www.date50.de\/magazin\/wp-json\/wp\/v2\/pages\/1587\/revisions\/1593"}],"wp:attachment":[{"href":"https:\/\/www.date50.de\/magazin\/wp-json\/wp\/v2\/media?parent=1587"}],"curies":[{"name":"wp","href":"https:\/\/api.w.org\/{rel}","templated":true}]}}